actor of m and 12?
12
Let i be 240/15*((-2706)/(-27) + (-26)/117). What is the greatest common divisor of 248 and i?
8
Let c = 1947 + -1582. What is the highest common factor of 1752 and c?
73
Let z = -371 + 676. Calculate the greatest common factor of z and 35.
5
Suppose 0*i - 12 = 3*i. Let m(c) = -3*c - 6. Let d be m(i). Suppose 497*w = 9790 + 14066. What is the greatest common divisor of w and d?
6
Let p(u) = 4*u**2 + 90*u + 9. Let s be p(17). Calculate the greatest common divisor of s and 110.
55
Suppose 60*k + 1862 = 65*k + 128*k. Calculate the highest common factor of k and 6335.
7
Let g(v) = -v**3 + 3*v**2 + 22*v - 24. Let i be g(6). Suppose i = -13*p - 6*p + 1425. What is the highest common divisor of p and 30?
15
Let f(p) = -p**3 - 14*p**2 - 15*p - 15. Let q be f(-13). Let j be (((-442)/39 - -12) + (4 - 1))*3. What is the highest common divisor of j and q?
11
Let k(g) = 76*g - 31. Let q be k(-5). Let v = -195 - q. Calculate the highest common factor of v and 48.
24
Let g(u) = 38*u**2 + 35*u - 1. Let q be (-3*2/(-12) - 2)*2. Let v be g(q). Suppose n = -3*n + 236. Calculate the highest common factor of n and v.
59
Let i be -1*-5*4 - (-18)/(-6). Suppose 2*g - i = -5. Suppose g = 2*r - 2*n - 16, 0 = -4*r + 2*n + 34. What is the highest common factor of 30 and r?
6
Let j(b) = -44*b**3 - 5*b**2 - 3*b + 2. Let f be j(-1). What is the highest common divisor of 112 and f?
4
Let z(y) = -y**3 - 8*y**2 - 63*y - 380. Let q be z(-7). What is the highest common factor of q and 108?
12
Suppose -7*u + 65 = 51. Suppose 29 + 12 = v - 5*i, 4*v - u*i - 218 = 0. What is the highest common divisor of v and 24?
8
Let k(p) = 670*p + 11912. Let g be k(-15). What is the greatest common factor of g and 3430?
98
Let z(m) = 23*m**2 + 967*m + 51. Let k be z(-42). Calculate the greatest common divisor of 645 and k.
3
Let w = -307285 - -307318. Let j(l) = l**3 + 2*l**2 - 2*l - 1. Let t be j(-2). Suppose -t*h - h + 12 = 0. Calculate the highest common factor of w and h.
3
Let m be (24 + -25)*(8 + -293). Calculate the highest common factor of m and 1520.
95
Let q be 313/(-1252) + 34497/4. Calculate the highest common factor of q and 280.
56
Let p(v) = -v**3 - 3*v**2 + 6*v + 52. Let b be p(-7). Suppose 203*g = b*g - 114. What is the highest common divisor of 266 and g?
38
Let h = 3957 + -3621. Calculate the greatest common divisor of h and 176.
16
Let z(x) = x**3 + 63*x**2 - 193*x + 396. Let m be z(-66). What is the highest common divisor of 1408 and m?
22
Let s(r) = 7 + 15 + 7 - 43 - 6*r. Let b be s(-4). What is the greatest common divisor of 170 and b?
10
Suppose 0 = 2*o - 2*x - 3732, 2*o - 51*x - 3742 = -54*x. Calculate the greatest common divisor of o and 8.
4
Suppose 4*j - 82 = 14*j - 242. What is the highest common factor of j and 12?
4
Let k = -14035 + 15802. Calculate the greatest common factor of 456 and k.
57
Suppose g = -z - 67, -4*g + 6 + 6 = 0. Let d = z + 81. Suppose 4*w - 256 - 228 = 0. Calculate the greatest common factor of w and d.
11
Let h be 2/(-5)*-90*1. Suppose -3*w = 18 + 54. Let a be (w/(-5))/2*5. What is the highest common divisor of a and h?
12
Let r = -57 + 67. Suppose -864 = r*m - 19*m. What is the highest common divisor of 12 and m?
12
Let k(c) = -c**2 - 18*c. Let l be -10*(0 - 16/(-20)). Let x be k(l). Suppose 42*s - 38*s - x = 0. What is the greatest common divisor of 4 and s?
4
Let n = -14 - -366. Let l = -625 - -625. Suppose l = -0*z - 2*z + n. Calculate the greatest common factor of 22 and z.
22
Suppose 4*m + 18 - 22 = 0. Let j be ((-39)/15 - m)*(-10)/4. Suppose 2*u + j = 5*u. Calculate the greatest common factor of u and 12.
3
Let w = 12 + 28. Suppose -3*k + 1 = -11. Suppose -8*z - k*i + 70 = -3*z, -2*i = 2*z - 30. What is the greatest common divisor of z and w?
10
Let p be (-1123100)/60*(-3)/5. Calculate the greatest common factor of p and 11.
11
Let n = 55 + -48. Suppose -5*x + 2*i = -116, 3*i + 80 = 3*x + n*i. Let a = x + -15. What is the highest common factor of a and 9?
9
Let o(q) = q + 10. Let c be o(6). Let p(i) = i**2 + 14*i + 17. Let a be p(-19). Calculate the greatest common divisor of a and c.
16
Suppose 458 = 2*m + 4*u, 199 = m + 11*u - 15*u. What is the greatest common divisor of 5767 and m?
73
Let u = -378 + 541. What is the highest common factor of u and 2?
1
Let t be (2/(-3))/((-2)/21). Let o = 591 - 577. Let i be 2246/o - (-88)/154. Calculate the greatest common factor of t and i.
7
Let y = 271 + -271. Let c be (y - 0) + -14*348/(-24). What is the greatest common factor of c and 7?
7
Let q(u) = -44*u + 2980. Let y be q(-81). What is the greatest common factor of 16 and y?
16
Let q(a) = -a**3 + 19*a**2 + a - 321. Let u be q(18). Let l be (-36)/15 - (-4)/10. Let c be ((-1)/1)/(l/42). Calculate the greatest common divisor of u and c.
21
Suppose l = -5*w + 63 + 31, -3*l - 2*w + 217 = 0. Suppose -5*u = -22*u + 4301. What is the greatest common factor of l and u?
23
Suppose -3 = 2*y + y, -2*n = 5*y - 77. Suppose n = 2*k + 31. Suppose 26*d - k*d = 189. What is the highest common divisor of d and 99?
9
Suppose 2*p + 0 = 2, 5*r - 17 = -2*p. Suppose 3*m - 10 - 6 = -5*f, -m + r*f = -24. What is the greatest common factor of m and 9?
3
Suppose 0 = 9*a - 247 - 338. Suppose 137 = 9*i + a. Calculate the highest common divisor of 8 and i.
8
Suppose -j - 5*x = -127, -3*x = -36*j + 39*j - 357. Suppose -234 = -8*o + 5*o. Calculate the highest common divisor of o and j.
39
Let p(o) = -5*o + 16. Suppose 35 = 10*k + 5. Let m be p(k). Let g be (m - (-5)/(-4)) + (-1545)/(-20). What is the greatest common divisor of 11 and g?
11
Let d(y) = -4*y - 3. Let h be d(-7). Let j(s) = -42*s - 242. Let f be j(-6). Suppose -h = -5*x - f. What is the greatest common factor of 24 and x?
3
Suppose -5144 = -4*q - 2*a - 260, q - a - 1212 = 0. What is the highest common factor of q and 145?
29
Let b(p) = -647*p - 9045. Let l be b(-14). Calculate the greatest common factor of l and 26871.
13
Suppose 2*m = -165 - 33. Let l = m + 103. Let t be (25 + -1)*(-6)/(-9). Calculate the greatest common divisor of l and t.
4
Let c be (18/(-7))/((-14)/(-98)). Let i be (-4)/(-3)*c/(-12). Suppose 0 = 5*j - 6*j - 2*b, 4*b + 16 = 0. Calculate the greatest common divisor of j and i.
2
Let m = -8776 + 9430. Calculate the highest common factor of 12 and m.
6
Suppose -9*j = -4*c + c + 5055, 4978 = 3*c + 2*j. Calculate the greatest common factor of c and 16.
16
Let l(v) be the first derivative of 2*v**3/3 - 10*v**2 - 34*v + 22. Let a be l(12). Calculate the highest common divisor of a and 2.
2
Let k = -1424 - -1714. Calculate the highest common divisor of 812 and k.
58
Suppose -3*g + 7 - 1 = 0. Suppose -g*x + 42 = -4*y, 0 = x + x + 2*y - 72. Let u = 51 - x. Calculate the greatest common factor of u and 10.
10
Suppose 0 = 78*x - 12610 - 5174. Calculate the highest common factor of 3762 and x.
114
Let f(k) = 10*k**2 + 7*k + 114. Let s be f(-6). Calculate the highest common factor of 64 and s.
16
Suppose -13*g + 728 = -6*g. Let z be (-9)/(-4*(3/g - 0)). What is the greatest common factor of z and 52?
26
Let o be (1 + -6 + 1)*(-49 - 15). What is the highest common divisor of 304 and o?
16
Suppose -c + 370 + 15 = 2*v, -v + 200 = -c. Let x be 28/15 - (-26)/v. Calculate the greatest common divisor of 34 and x.
2
Let y(f) = 2357*f + 274. Let g be y(4). What is the greatest common divisor of g and 198?
198
Suppose 0 = -2*r + r + 5*b - 8, 4*r - 19 = 3*b. Suppose 0 = -r*v + 18*v - 22. Let y be (-8)/(16/(-1)) + v/4. Calculate the highest common divisor of 2 and y.
1
Suppose -f = -4*f + 132. Let d = -309 - -312. Suppose -d*b - 3*z + 220 + f = 0, -92 = -b + z. What is the highest common divisor of b and 10?
10
Suppose -7*c + 8*c = 2. Let y be ((-228)/(-4) - c)*-2. Let x = y + 180. What is the highest common divisor of x and 10?
10
Suppose a - 4*a = 4*o - 616, 5*a + 9*o - 1043 = 0. What is the greatest common divisor of 6223 and a?
49
Suppose -12*w - 230 = -10*w + 5*p, 2*w - 5*p + 210 = 0. Let h = w + 122. Let n = -130 - -238. What is the greatest common divisor of n and h?
12
Let a be 1046 - -178 - (-2 + 5). What is the highest common divisor of a and 1443?
111
Suppose 1588*t - 1920 = 1578*t. Let m = 90 + -87. What is the greatest common factor of t and m?
3
Suppose 134 + 594 = 4*s. Suppose 